undreds digit of 1681937?
9
What is the tens digit of 13269936?
3
What is the hundred thousands digit of 133223?
1
What is the ten thousands digit of 3177248?
7
What is the thousands digit of 2163664?
3
What is the tens digit of 2923111?
1
What is the hundreds digit of 589685?
6
What is the tens digit of 134298?
9
What is the millions digit of 13450901?
3
What is the ten millions digit of 15949663?
1
What is the ten thousands digit of 65675?
6
What is the hundreds digit of 133158?
1
What is the thousands digit of 845997?
5
What is the units digit of 6989?
9
What is the millions digit of 5931794?
5
What is the hundreds digit of 8700106?
1
What is the hundred thousands digit of 483979?
4
What is the hundreds digit of 5661218?
2
What is the hundred thousands digit of 182571?
1
What is the ten thousands digit of 360225?
6
What is the units digit of 382394?
4
What is the thousands digit of 1865291?
5
What is the ten thousands digit of 282626?
8
What is the units digit of 5456041?
1
What is the units digit of 90470?
0
What is the tens digit of 576868?
6
What is the tens digit of 1222459?
5
What is the units digit of 197545?
5
What is the thousands digit of 982619?
2
What is the thousands digit of 11930737?
0
What is the millions digit of 1036304?
1
What is the hundred thousands digit of 491736?
4
What is the hundred thousands digit of 4496671?
4
What is the thousands digit of 11520357?
0
What is the units digit of 6845286?
6
What is the hundred thousands digit of 288240?
2
What is the units digit of 191346?
6
What is the tens digit of 843557?
5
What is the hundreds digit of 7648432?
4
What is the thousands digit of 465593?
5
What is the thousands digit of 6705746?
5
What is the millions digit of 1559718?
1
What is the hundreds digit of 7040166?
1
What is the hundreds digit of 400607?
6
What is the ten thousands digit of 16072682?
7
What is the units digit of 4776213?
3
What is the millions digit of 5221692?
5
What is the units digit of 367944?
4
What is the units digit of 242871?
1
What is the ten thousands digit of 15210617?
1
What is the tens digit of 733825?
2
What is the hundred thousands digit of 564577?
5
What is the hundreds digit of 895498?
4
What is the thousands digit of 4300292?
0
What is the units digit of 145887?
7
What is the thousands digit of 146016?
6
What is the tens digit of 85299?
9
What is the units digit of 5693072?
2
What is the hundreds digit of 171917?
9
What is the millions digit of 2705559?
2
What is the millions digit of 3613362?
3
What is the units digit of 5185012?
2
What is the ten thousands digit of 5493706?
9
What is the ten thousands digit of 10734436?
3
What is the millions digit of 1953796?
1
What is the hundreds digit of 7738929?
9
What is the units digit of 1123996?
6
What is the hundred thousands digit of 2376235?
3
What is the units digit of 5673007?
7
What is the hundreds digit of 133607?
6
What is the tens digit of 17075418?
1
What is the hundreds digit of 530456?
4
What is the ten thousands digit of 231041?
3
What is the millions digit of 1128901?
1
What is the tens digit of 1137635?
3
What is the hundreds digit of 285892?
8
What is the tens digit of 1530382?
8
What is the ten thousands digit of 94674?
9
What is the thousands digit of 3262050?
2
What is the tens digit of 1003829?
2
What is the hundreds digit of 65553?
5
What is the hundreds digit of 204088?
0
What is the tens digit of 5685508?
0
What is the millions digit of 7581249?
7
What is the tens digit of 14514724?
2
What is the units digit of 193100?
0
What is the hundred thousands digit of 22442224?
4
What is the thousands digit of 319971?
9
What is the units digit of 393942?
2
What is the ten thousands digit of 7870707?
7
What is the millions digit of 3185152?
3
What is the units digit of 425106?
6
What is the thousands digit of 385996?
5
What is the millions digit of 5146592?
5
What is the tens digit of 8235950?
5
What is the units digit of 2098476?
6
What is the hundred thousands digit of 122602?
1
What is the hundred thousands digit of 274587?
2
What is the hundreds digit of 7959872?
8
What is the thousands digit of 10672815?
2
What is the units digit of 460784?
4
What is the hundreds digit of 794634?
6
What is the thousands digit of 434016?
4
What is the ten thousands digit of 25568375?
6
What is the thousands digit of 2553901?
3
What is the units digit of 3869541?
1
What is the thousands digit of 417159?
7
What is the thousands digit of 39627?
9
What is the thousands digit of 121554?
1
What is the ten thousands digit of 222447?
2
What is the ten thousands digit of 228451?
2
What is the hundreds digit of 4059014?
0
What is the units digit of 9538067?
7
What is the units digit of 739881?
1
What is the units digit of 76664?
4
What is the ten thousands digit of 316921?
1
What is the units digit of 7518695?
5
What is the tens digit of 431546?
4
What is the units digit of 6362253?
3
What is the thousands digit of 1847577?
7
What is the hundreds digit of 147798?
7
What is the tens digit of 11099237?
3
What is the ten thousands digit of 3860089?
6
What is the hundreds digit of 2559504?
5
What is the ten millions digit of 20803777?
2
What is the hundred thousands digit of 212671?
2
What is the hundreds digit of 1906614?
6
What is the tens digit of 1456044?
4
What is the units digit of 5466?
6
What is the hundred thousands digit of 799963?
7
What is the thousands digit of 673498?
3
What is the thousands digit of 26955?
6
What is the thousands digit of 691010?
1
What is the millions digit of 6350958?
6
What is the hundred thousands digit of 5308852?
3
What is the tens digit of 3984980?
8
What is the units digit of 9495199?
9
What is the millions digit of 2402666?
2
What is the hundreds digit of 2317517?
5
What is the hundreds digit of 1999423?
4
What is the hundreds digit of 1397020?
0
What is the thousands digit of 244646?
4
What is the ten thousands digit of 129019?
2
What is the tens digit of 19977?
7
What is the hundreds digit of 4708680?
6
What is the hundreds digit of 5244554?
5
What is the thousands digit of 1102?
1
What is the millions digit of 1231005?
1
What is the thousands digit of 97882?
7
What is the thousands digit of 245853?
5
What is the units digit of 709040?
0
What is the units digit of 126299?
9
What is the units digit of 2339249?
9
What is the hundreds digit of 19106944?
9
What is the hundred thousands digit of 685797?
6
What is the hundreds digit of 284110?
1
What is the thousands digit of 6185927?
5
What is the hundreds digit of 629927?
9
What is the hundreds digit of 409000?
0
What is the millions digit of 1827117?
1
What is the ten thousands digit of 65787?
6
What is the units digit of 1200802?
2
What is the millions digit of 1733354?
1
What is the ten thousands digit of 887400?
8
What is the hundreds digit of 448413?
4
What is the units digit of 285466?
6
What is the ten thousands digit of 28001495?
0
What is the millions digit of 15568397?
5
What is the units digit of 1855946?
6
What is the units digit of 117591?
1
What is the millions digit of 1758328?
1
What is the tens digit of 26124273?
7
What is the ten thousands digit of 3544916?
4
What is the units digit of 15750328?
8
What is the units digit of 468375?
5
What is the units digit of 748068?
8
What is the units digit of 1288356?
6
What is the thousands digit of 6042383?
2
What is the thousands digit of 6326251?
6
What is the tens digit of 30517878?
7
What is the units digit of 2812321?
1
What is the hundred thousands digit of 16810637?
8
What is the hundred thousands digit of 397339?
3
What is the tens digit of 23425020?
2
What is the hundreds digit of 565240?
2
What is the hundreds digit of 739792?
7
What is the units digit of 2205566?
6
What is the hundred thousands digit of 3207101?
2
What is the tens digit of 334283?
8
What is the tens digit of 10165842?
4
What is the hundreds digit of 247372?
3
What is the units digit of 681013?
3
What is the ten thousands digit of 1625144?
2
What is the thousands digit of 5263903?
3
What is the ten thousands digit of 474761?
7
What is the tens digit of 697798?
9
What is the thousands digit of 4272152?
2
What is the ten millions digit of 13761676?
1
What is the ten thousands digit of 185652?
8
What is the hundred thousands digit 